, 5, 7, 13, 607
What are the prime factors of 24943859?
24943859
List the prime factors of 23845066.
2, 7, 23, 71, 149
What are the prime factors of 2842389?
3, 11, 28711
What are the prime factors of 6697593?
3, 7, 35437
What are the prime factors of 422407?
422407
What are the prime factors of 8606032?
2, 537877
What are the prime factors of 885526?
2, 442763
What are the prime factors of 21173?
31, 683
List the prime factors of 1552250.
2, 5, 7, 887
List the prime factors of 301007.
7, 6143
What are the prime factors of 25143014?
2, 13, 79, 12241
What are the prime factors of 6974294?
2, 3487147
List the prime factors of 307134.
2, 3, 113, 151
List the prime factors of 306423.
3, 13, 97
What are the prime factors of 9231921?
3, 331, 1033
List the prime factors of 169837.
169837
List the prime factors of 6964212.
2, 3, 31, 97, 193
List the prime factors of 31338.
2, 3, 1741
What are the prime factors of 5974887?
3, 211, 9439
What are the prime factors of 11220681?
3, 1181, 3167
What are the prime factors of 2049178?
2, 1024589
What are the prime factors of 5660017?
11, 29, 1613
List the prime factors of 896528.
2, 137, 409
What are the prime factors of 16021498?
2, 8010749
List the prime factors of 8688464.
2, 543029
List the prime factors of 8568682.
2, 37, 115793
What are the prime factors of 466798?
2, 31, 7529
What are the prime factors of 4240112?
2, 265007
What are the prime factors of 200424?
2, 3, 7, 1193
What are the prime factors of 871126?
2, 435563
List the prime factors of 52160.
2, 5, 163
What are the prime factors of 16561750?
2, 5, 31, 2137
What are the prime factors of 2530078?
2, 19, 139, 479
What are the prime factors of 88307?
233, 379
List the prime factors of 241432.
2, 103, 293
List the prime factors of 2388768.
2, 3, 149, 167
What are the prime factors of 14502756?
2, 3, 83, 14561
List the prime factors of 7386961.
7386961
List the prime factors of 10129506.
2, 3, 137, 12323
What are the prime factors of 345576?
2, 3, 7, 11, 17
What are the prime factors of 96683?
109, 887
List the prime factors of 4216810.
2, 5, 13, 163, 199
What are the prime factors of 1488456?
2, 3, 2297
List the prime factors of 19294181.
19294181
What are the prime factors of 2676176?
2, 167261
What are the prime factors of 4206236?
2, 1051559
What are the prime factors of 54643?
53, 1031
What are the prime factors of 725915?
5, 47, 3089
List the prime factors of 151819.
157, 967
What are the prime factors of 3475687?
53, 65579
What are the prime factors of 13248890?
2, 5, 19, 103, 677
List the prime factors of 7468971.
3, 43, 57899
What are the prime factors of 434417?
37, 59, 199
List the prime factors of 6869447.
13, 528419
List the prime factors of 10550.
2, 5, 211
What are the prime factors of 9356017?
11, 31, 27437
List the prime factors of 14601244.
2, 7, 643, 811
List the prime factors of 343555.
5, 68711
What are the prime factors of 449084?
2, 19, 311
List the prime factors of 5241209.
67, 137, 571
What are the prime factors of 23556?
2, 3, 13, 151
What are the prime factors of 10770195?
3, 5, 103, 6971
What are the prime factors of 3515580?
2, 3, 5, 19531
List the prime factors of 127482.
2, 3, 21247
List the prime factors of 493562.
2, 246781
What are the prime factors of 79350?
2, 3, 5, 23
What are the prime factors of 498612?
2, 3, 37, 1123
List the prime factors of 139727.
7, 19961
List the prime factors of 36679.
43, 853
What are the prime factors of 344433?
3, 29, 37, 107
What are the prime factors of 1746589?
13, 134353
What are the prime factors of 144961?
144961
What are the prime factors of 1196240?
2, 5, 19, 787
What are the prime factors of 8272014?
2, 3, 1378669
What are the prime factors of 225880?
2, 5, 5647
What are the prime factors of 15255659?
163, 173, 541
What are the prime factors of 6942688?
2, 23, 9433
What are the prime factors of 3029083?
3029083
List the prime factors of 17950707.
3, 67, 9923
What are the prime factors of 3307615?
5, 19, 37, 941
What are the prime factors of 3836837?
23, 7253
List the prime factors of 27979885.
5, 43, 181, 719
What are the prime factors of 24367377?
3, 2017, 4027
What are the prime factors of 23647077?
3, 19, 61, 2267
What are the prime factors of 21309?
3, 7103
What are the prime factors of 989380?
2, 5, 7, 37, 191
What are the prime factors of 37225957?
227, 163991
What are the prime factors of 4440944?
2, 17, 29, 563
List the prime factors of 161511.
3, 7, 7691
List the prime factors of 1398493.
1398493
List the prime factors of 347258.
2, 173629
What are the prime factors of 24447963?
3, 587, 13883
What are the prime factors of 71758?
2, 35879
List the prime factors of 68876.
2, 67, 257
What are the prime factors of 760373?
760373
What are the prime factors of 746563?
746563
What are the prime factors of 245801?
23, 10687
List the prime factors of 5470752.
2, 3, 7, 1163
What are the prime factors of 6677786?
2, 3338893
List the prime factors of 2873327.
647, 4441
What are the prime factors of 16956?
2, 3, 157
What are the prime factors of 450997?
450997
What are the prime factors of 667536?
2, 3, 13907
What are the prime factors of 672570?
2, 3, 5, 47, 53
What are the prime factors of 304238?
2, 11, 13829
What are the prime factors of 1013178?
2, 3, 168863
List the prime factors of 5118069.
3, 11, 31, 5003
List the prime factors of 5227210.
2, 5, 23, 22727
What are the prime factors of 11057700?
2, 3, 5, 29, 31, 41
List the prime factors of 9895455.
3, 5, 97, 2267
What are the prime factors of 344943?
3, 38327
List the prime factors of 360174.
2, 3, 60029
What are the prime factors of 14125982?
2, 13, 543307
What are the prime factors of 4493647?
4493647
List the prime factors of 5624192.
2, 7, 6277
What are the prime factors of 1269526?
2, 17, 37339
List the prime factors of 902217.
3, 300739
What are the prime factors of 7200684?
2, 3, 61, 1093
List the prime factors of 5233771.
5233771
List the prime factors of 1841064.
2, 3, 41, 1871
What are the prime factors of 6014601?
3, 331, 673
What are the prime factors of 864863?
101, 8563
What are the prime factors of 340313?
53, 6421
List the prime factors of 1533217.
7, 219031
List the prime factors of 7462069.
61, 149, 821
List the prime factors of 174741.
3, 7, 53, 157
What are the prime factors of 1802162?
2, 277, 3253
List the prime factors of 1098842.
2, 549421
What are the prime factors of 5993170?
2, 5, 19, 31543
What are the prime factors of 139737?
3, 13, 3583
List the prime factors of 8419360.
2, 5, 101, 521
List the prime factors of 3278639.
7, 13, 5147
List the prime factors of 3019308.
2, 3, 251609
What are the prime factors of 4042615?
5, 808523
What are the prime factors of 1535860?
2, 5, 41, 1873
List the prime factors of 732560.
2, 5, 9157
List the prime factors of 4133907.
3, 17, 41, 659
What are the prime factors of 271789?
7, 41, 947
What are the prime factors of 1129435?
5, 113, 1999
What are the prime factors of 134885?
5, 53, 509
What are the prime factors of 14721343?
7, 13, 161773
What are the prime factors of 621067?
311, 1997
What are the prime factors of 1280578?
2, 13, 49253
What are the prime factors of 11685055?
5, 197, 11863
List the prime factors of 7266235.
5, 83, 17509
What are the prime factors of 5202174?
2, 3, 127, 6827
List the prime factors of 910818.
2, 3, 101, 167
What are the prime factors of 213687?
3, 23743
List the prime factors of 9036267.
3, 19, 47, 3373
What are the prime factors of 2296061?
2296061
What are the prime factors of 406936?
2, 50867
List the prime factors of 13799767.
17, 719, 1129
What are the prime factors of 301275?
3, 5, 13, 103
List the prime factors of 340952.
2, 17, 23, 109
List the prime factors of 1034902.
2, 11, 47041
What are the prime factors of 740573?
29, 25537
What are the prime factors of 12796?
2, 7, 457
List the prime factors of 525976.
2, 11, 43, 139
What are the prime factors of 3839984?
2, 239999
What are the prime factors of 131597?
17, 7741
List the prime factors of 406747.
11, 103, 359
List the prime factors of 185586.
2, 3, 30931
What are the prime factors of 3611056?
2, 269, 839
What are the prime factors of 28190?
2, 5, 2819
What are the prime factors of 11278969?
13, 37, 131, 179
List the prime factors of 5920791.
3, 1973597
What